{"id":4361,"date":"2024-04-29T09:56:51","date_gmt":"2024-04-29T06:56:51","guid":{"rendered":"https:\/\/uusikalenteri.niemikoti.fi\/?post_type=tribe_events&#038;p=4361"},"modified":"2024-04-29T09:56:51","modified_gmt":"2024-04-29T06:56:51","slug":"cv-paja-4","status":"publish","type":"tribe_events","link":"https:\/\/kalenteri.niemikoti.fi\/en\/tapahtuma\/cv-paja-4\/","title":{"rendered":"CV-paja"},"content":{"rendered":"<p>Saat tukea CV:si tekemiseen tai p\u00e4ivitt\u00e4miseen. Opit k\u00e4ytt\u00e4m\u00e4\u00e4n CV:n tekemiseen erilaisia mallipohjia tai luomaan ihan oman. Jos sinulla on ty\u00f6-, koulu- tai kurssitodistuksia, ota ne mukaan. Jos sinulta puuttuu ty\u00f6historiaa tai koulutus, sek\u00e4\u00e4n ei haittaa. Taitoja ja vahvuuksia kertyy niin paljon muustakin! Ei ennakkoilmoittautumista, tule vain paikalle. Voit halutessasi ottaa oman tietokoneen my\u00f6s mukaan.<\/p>\n","protected":false},"excerpt":{"rendered":"<p>Saat tukea CV:si tekemiseen tai p\u00e4ivitt\u00e4miseen. Opit k\u00e4ytt\u00e4m\u00e4\u00e4n CV:n tekemiseen erilaisia mallipohjia tai luomaan ihan oman. Jos sinulla on ty\u00f6-, koulu- tai kurssitodistuksia, ota ne mukaan. Jos sinulta puuttuu ty\u00f6historiaa&#8230;<\/p>\n","protected":false},"author":188,"featured_media":0,"template":"","meta":{"_kad_blocks_custom_css":"","_kad_blocks_head_custom_js":"","_kad_blocks_body_custom_js":"","_kad_blocks_footer_custom_js":"","_kad_post_transparent":"","_kad_post_title":"","_kad_post_layout":"","_kad_post_sidebar_id":"","_kad_post_content_style":"","_kad_post_vertical_padding":"","_kad_post_feature":"","_kad_post_feature_position":"","_kad_post_header":false,"_kad_post_footer":false,"_kad_post_classname":"","cybocfi_hide_featured_image":"","_tribe_events_status":"","_tribe_events_status_reason":"","_tribe_events_is_hybrid":"","_tribe_events_is_virtual":"","_tribe_events_virtual_video_source":"","_tribe_events_virtual_embed_video":"","_tribe_events_virtual_linked_button_text":"","_tribe_events_virtual_linked_button":"","_tribe_events_virtual_show_embed_at":"","_tribe_events_virtual_show_embed_to":[],"_tribe_events_virtual_show_on_event":"","_tribe_events_virtual_show_on_views":"","_tribe_events_virtual_url":"","footnotes":"","_links_to":"","_links_to_target":""},"tags":[61,74,17],"tribe_events_cat":[38],"class_list":["post-4361","tribe_events","type-tribe_events","status-publish","hentry","tag-avoin-toiminta","tag-kaikille","tag-valmennustoiminta","tribe_events_cat-valtti-valmennus","cat_valtti-valmennus"],"yoast_head":"<!-- This site is optimized with the Yoast SEO plugin v27.3 - https:\/\/yoast.com\/product\/yoast-seo-wordpress\/ -->\n<title>CV-paja - Tapahtumakalenteri<\/title>\n<meta name=\"robots\" content=\"index, follow, max-snippet:-1, max-image-preview:large, max-video-preview:-1\" \/>\n<link rel=\"canonical\" href=\"https:\/\/kalenteri.niemikoti.fi\/en\/tapahtuma\/cv-paja-4\/\" \/>\n<meta property=\"og:locale\" content=\"en_US\" \/>\n<meta property=\"og:type\" content=\"article\" \/>\n<meta property=\"og:title\" content=\"CV-paja - Tapahtumakalenteri\" \/>\n<meta property=\"og:description\" content=\"Saat tukea CV:si tekemiseen tai p\u00e4ivitt\u00e4miseen. Opit k\u00e4ytt\u00e4m\u00e4\u00e4n CV:n tekemiseen erilaisia mallipohjia tai luomaan ihan oman. Jos sinulla on ty\u00f6-, koulu- tai kurssitodistuksia, ota ne mukaan. Jos sinulta puuttuu ty\u00f6historiaa...\" \/>\n<meta property=\"og:url\" content=\"https:\/\/kalenteri.niemikoti.fi\/en\/tapahtuma\/cv-paja-4\/\" \/>\n<meta property=\"og:site_name\" content=\"Tapahtumakalenteri\" \/>\n<meta name=\"twitter:card\" content=\"summary_large_image\" \/>\n<script type=\"application\/ld+json\" class=\"yoast-schema-graph\">{\"@context\":\"https:\\\/\\\/schema.org\",\"@graph\":[{\"@type\":\"WebPage\",\"@id\":\"https:\\\/\\\/kalenteri.niemikoti.fi\\\/en\\\/tapahtuma\\\/cv-paja-4\\\/\",\"url\":\"https:\\\/\\\/kalenteri.niemikoti.fi\\\/en\\\/tapahtuma\\\/cv-paja-4\\\/\",\"name\":\"CV-paja - Tapahtumakalenteri\",\"isPartOf\":{\"@id\":\"https:\\\/\\\/kalenteri.niemikoti.fi\\\/en\\\/#website\"},\"datePublished\":\"2024-04-29T06:56:51+00:00\",\"breadcrumb\":{\"@id\":\"https:\\\/\\\/kalenteri.niemikoti.fi\\\/en\\\/tapahtuma\\\/cv-paja-4\\\/#breadcrumb\"},\"inLanguage\":\"en-US\",\"potentialAction\":[{\"@type\":\"ReadAction\",\"target\":[\"https:\\\/\\\/kalenteri.niemikoti.fi\\\/en\\\/tapahtuma\\\/cv-paja-4\\\/\"]}]},{\"@type\":\"BreadcrumbList\",\"@id\":\"https:\\\/\\\/kalenteri.niemikoti.fi\\\/en\\\/tapahtuma\\\/cv-paja-4\\\/#breadcrumb\",\"itemListElement\":[{\"@type\":\"ListItem\",\"position\":1,\"name\":\"Home\",\"item\":\"https:\\\/\\\/kalenteri.niemikoti.fi\\\/en\\\/\"},{\"@type\":\"ListItem\",\"position\":2,\"name\":\"Events\",\"item\":\"https:\\\/\\\/kalenteri.niemikoti.fi\\\/en\\\/tapahtumat\\\/\"},{\"@type\":\"ListItem\",\"position\":3,\"name\":\"CV-paja\"}]},{\"@type\":\"WebSite\",\"@id\":\"https:\\\/\\\/kalenteri.niemikoti.fi\\\/en\\\/#website\",\"url\":\"https:\\\/\\\/kalenteri.niemikoti.fi\\\/en\\\/\",\"name\":\"Tapahtumakalenteri\",\"description\":\"Niemikotis\u00e4\u00e4ti\u00f6n tapahtumat palvelujen k\u00e4ytt\u00e4jille\",\"publisher\":{\"@id\":\"https:\\\/\\\/kalenteri.niemikoti.fi\\\/en\\\/#organization\"},\"potentialAction\":[{\"@type\":\"SearchAction\",\"target\":{\"@type\":\"EntryPoint\",\"urlTemplate\":\"https:\\\/\\\/kalenteri.niemikoti.fi\\\/en\\\/?s={search_term_string}\"},\"query-input\":{\"@type\":\"PropertyValueSpecification\",\"valueRequired\":true,\"valueName\":\"search_term_string\"}}],\"inLanguage\":\"en-US\"},{\"@type\":\"Organization\",\"@id\":\"https:\\\/\\\/kalenteri.niemikoti.fi\\\/en\\\/#organization\",\"name\":\"Tapahtumakalenteri\",\"url\":\"https:\\\/\\\/kalenteri.niemikoti.fi\\\/en\\\/\",\"logo\":{\"@type\":\"ImageObject\",\"inLanguage\":\"en-US\",\"@id\":\"https:\\\/\\\/kalenteri.niemikoti.fi\\\/en\\\/#\\\/schema\\\/logo\\\/image\\\/\",\"url\":\"https:\\\/\\\/kalenteri.niemikoti.fi\\\/wp-content\\\/uploads\\\/2024\\\/01\\\/niemikoti-paraspaikkatoipua.png\",\"contentUrl\":\"https:\\\/\\\/kalenteri.niemikoti.fi\\\/wp-content\\\/uploads\\\/2024\\\/01\\\/niemikoti-paraspaikkatoipua.png\",\"width\":751,\"height\":337,\"caption\":\"Tapahtumakalenteri\"},\"image\":{\"@id\":\"https:\\\/\\\/kalenteri.niemikoti.fi\\\/en\\\/#\\\/schema\\\/logo\\\/image\\\/\"}}]}<\/script>\n<!-- \/ Yoast SEO plugin. -->","yoast_head_json":{"title":"CV-paja - Tapahtumakalenteri","robots":{"index":"index","follow":"follow","max-snippet":"max-snippet:-1","max-image-preview":"max-image-preview:large","max-video-preview":"max-video-preview:-1"},"canonical":"https:\/\/kalenteri.niemikoti.fi\/en\/tapahtuma\/cv-paja-4\/","og_locale":"en_US","og_type":"article","og_title":"CV-paja - Tapahtumakalenteri","og_description":"Saat tukea CV:si tekemiseen tai p\u00e4ivitt\u00e4miseen. Opit k\u00e4ytt\u00e4m\u00e4\u00e4n CV:n tekemiseen erilaisia mallipohjia tai luomaan ihan oman. Jos sinulla on ty\u00f6-, koulu- tai kurssitodistuksia, ota ne mukaan. Jos sinulta puuttuu ty\u00f6historiaa...","og_url":"https:\/\/kalenteri.niemikoti.fi\/en\/tapahtuma\/cv-paja-4\/","og_site_name":"Tapahtumakalenteri","twitter_card":"summary_large_image","schema":{"@context":"https:\/\/schema.org","@graph":[{"@type":"WebPage","@id":"https:\/\/kalenteri.niemikoti.fi\/en\/tapahtuma\/cv-paja-4\/","url":"https:\/\/kalenteri.niemikoti.fi\/en\/tapahtuma\/cv-paja-4\/","name":"CV-paja - Tapahtumakalenteri","isPartOf":{"@id":"https:\/\/kalenteri.niemikoti.fi\/en\/#website"},"datePublished":"2024-04-29T06:56:51+00:00","breadcrumb":{"@id":"https:\/\/kalenteri.niemikoti.fi\/en\/tapahtuma\/cv-paja-4\/#breadcrumb"},"inLanguage":"en-US","potentialAction":[{"@type":"ReadAction","target":["https:\/\/kalenteri.niemikoti.fi\/en\/tapahtuma\/cv-paja-4\/"]}]},{"@type":"BreadcrumbList","@id":"https:\/\/kalenteri.niemikoti.fi\/en\/tapahtuma\/cv-paja-4\/#breadcrumb","itemListElement":[{"@type":"ListItem","position":1,"name":"Home","item":"https:\/\/kalenteri.niemikoti.fi\/en\/"},{"@type":"ListItem","position":2,"name":"Events","item":"https:\/\/kalenteri.niemikoti.fi\/en\/tapahtumat\/"},{"@type":"ListItem","position":3,"name":"CV-paja"}]},{"@type":"WebSite","@id":"https:\/\/kalenteri.niemikoti.fi\/en\/#website","url":"https:\/\/kalenteri.niemikoti.fi\/en\/","name":"Tapahtumakalenteri","description":"Niemikotis\u00e4\u00e4ti\u00f6n tapahtumat palvelujen k\u00e4ytt\u00e4jille","publisher":{"@id":"https:\/\/kalenteri.niemikoti.fi\/en\/#organization"},"potentialAction":[{"@type":"SearchAction","target":{"@type":"EntryPoint","urlTemplate":"https:\/\/kalenteri.niemikoti.fi\/en\/?s={search_term_string}"},"query-input":{"@type":"PropertyValueSpecification","valueRequired":true,"valueName":"search_term_string"}}],"inLanguage":"en-US"},{"@type":"Organization","@id":"https:\/\/kalenteri.niemikoti.fi\/en\/#organization","name":"Tapahtumakalenteri","url":"https:\/\/kalenteri.niemikoti.fi\/en\/","logo":{"@type":"ImageObject","inLanguage":"en-US","@id":"https:\/\/kalenteri.niemikoti.fi\/en\/#\/schema\/logo\/image\/","url":"https:\/\/kalenteri.niemikoti.fi\/wp-content\/uploads\/2024\/01\/niemikoti-paraspaikkatoipua.png","contentUrl":"https:\/\/kalenteri.niemikoti.fi\/wp-content\/uploads\/2024\/01\/niemikoti-paraspaikkatoipua.png","width":751,"height":337,"caption":"Tapahtumakalenteri"},"image":{"@id":"https:\/\/kalenteri.niemikoti.fi\/en\/#\/schema\/logo\/image\/"}}]}},"taxonomy_info":{"post_tag":[{"value":61,"label":"Avoin toiminta"},{"value":74,"label":"KAIKILLE"},{"value":17,"label":"Valmennustoiminta"}],"tribe_events_cat":[{"value":38,"label":"Valtti Valmennus"}]},"featured_image_src_large":false,"author_info":{"display_name":"Sonya Moody","author_link":"https:\/\/kalenteri.niemikoti.fi\/en\/author\/sonya-moodyniemikoti-fi\/"},"comment_info":"","_links":{"self":[{"href":"https:\/\/kalenteri.niemikoti.fi\/en\/wp-json\/wp\/v2\/tribe_events\/4361","targetHints":{"allow":["GET"]}}],"collection":[{"href":"https:\/\/kalenteri.niemikoti.fi\/en\/wp-json\/wp\/v2\/tribe_events"}],"about":[{"href":"https:\/\/kalenteri.niemikoti.fi\/en\/wp-json\/wp\/v2\/types\/tribe_events"}],"author":[{"embeddable":true,"href":"https:\/\/kalenteri.niemikoti.fi\/en\/wp-json\/wp\/v2\/users\/188"}],"version-history":[{"count":0,"href":"https:\/\/kalenteri.niemikoti.fi\/en\/wp-json\/wp\/v2\/tribe_events\/4361\/revisions"}],"wp:attachment":[{"href":"https:\/\/kalenteri.niemikoti.fi\/en\/wp-json\/wp\/v2\/media?parent=4361"}],"wp:term":[{"taxonomy":"post_tag","embeddable":true,"href":"https:\/\/kalenteri.niemikoti.fi\/en\/wp-json\/wp\/v2\/tags?post=4361"},{"taxonomy":"tribe_events_cat","embeddable":true,"href":"https:\/\/kalenteri.niemikoti.fi\/en\/wp-json\/wp\/v2\/tribe_events_cat?post=4361"}],"curies":[{"name":"wp","href":"https:\/\/api.w.org\/{rel}","templated":true}]}}

<p>Saat tukea CV:si tekemiseen tai päivittämiseen. Opit käyttämään CV:n tekemiseen erilaisia mallipohjia tai luomaan ihan oman. Jos sinulla on työ-, koulu- tai kurssitodistuksia, ota ne mukaan. Jos sinulta puuttuu työhistoriaa tai koulutus, sekään ei haittaa. Taitoja ja vahvuuksia kertyy niin paljon muustakin! Ei ennakkoilmoittautumista, tule vain paikalle. Voit halutessasi ottaa oman tietokoneen myös mukaan.</p>

<p>Saat tukea CV:si tekemiseen tai päivittämiseen. Opit käyttämään CV:n tekemiseen erilaisia mallipohjia tai luomaan ihan oman. Jos sinulla on työ-, koulu- tai kurssitodistuksia, ota ne mukaan. Jos sinulta puuttuu työhistoriaa&#8230;</p>

<!-- This site is optimized with the Yoast SEO plugin v27.3 - https://yoast.com/product/yoast-seo-wordpress/ -->
<title>CV-paja - Tapahtumakalenteri</title>
<meta name="robots" content="index, follow, max-snippet:-1, max-image-preview:large, max-video-preview:-1" />
<link rel="canonical" href="https://kalenteri.niemikoti.fi/en/tapahtuma/cv-paja-4/" />
<meta property="og:locale" content="en_US" />
<meta property="og:type" content="article" />
<meta property="og:title" content="CV-paja - Tapahtumakalenteri" />
<meta property="og:description" content="Saat tukea CV:si tekemiseen tai päivittämiseen. Opit käyttämään CV:n tekemiseen erilaisia mallipohjia tai luomaan ihan oman. Jos sinulla on työ-, koulu- tai kurssitodistuksia, ota ne mukaan. Jos sinulta puuttuu työhistoriaa..." />
<meta property="og:url" content="https://kalenteri.niemikoti.fi/en/tapahtuma/cv-paja-4/" />
<meta property="og:site_name" content="Tapahtumakalenteri" />
<meta name="twitter:card" content="summary_large_image" />
<script type="application/ld+json" class="yoast-schema-graph">{"@context":"https:\/\/schema.org","@graph":[{"@type":"WebPage","@id":"https:\/\/kalenteri.niemikoti.fi\/en\/tapahtuma\/cv-paja-4\/","url":"https:\/\/kalenteri.niemikoti.fi\/en\/tapahtuma\/cv-paja-4\/","name":"CV-paja - Tapahtumakalenteri","isPartOf":{"@id":"https:\/\/kalenteri.niemikoti.fi\/en\/#website"},"datePublished":"2024-04-29T06:56:51+00:00","breadcrumb":{"@id":"https:\/\/kalenteri.niemikoti.fi\/en\/tapahtuma\/cv-paja-4\/#breadcrumb"},"inLanguage":"en-US","potentialAction":[{"@type":"ReadAction","target":["https:\/\/kalenteri.niemikoti.fi\/en\/tapahtuma\/cv-paja-4\/"]}]},{"@type":"BreadcrumbList","@id":"https:\/\/kalenteri.niemikoti.fi\/en\/tapahtuma\/cv-paja-4\/#breadcrumb","itemListElement":[{"@type":"ListItem","position":1,"name":"Home","item":"https:\/\/kalenteri.niemikoti.fi\/en\/"},{"@type":"ListItem","position":2,"name":"Events","item":"https:\/\/kalenteri.niemikoti.fi\/en\/tapahtumat\/"},{"@type":"ListItem","position":3,"name":"CV-paja"}]},{"@type":"WebSite","@id":"https:\/\/kalenteri.niemikoti.fi\/en\/#website","url":"https:\/\/kalenteri.niemikoti.fi\/en\/","name":"Tapahtumakalenteri","description":"Niemikotisäätiön tapahtumat palvelujen käyttäjille","publisher":{"@id":"https:\/\/kalenteri.niemikoti.fi\/en\/#organization"},"potentialAction":[{"@type":"SearchAction","target":{"@type":"EntryPoint","urlTemplate":"https:\/\/kalenteri.niemikoti.fi\/en\/?s={search_term_string}"},"query-input":{"@type":"PropertyValueSpecification","valueRequired":true,"valueName":"search_term_string"}}],"inLanguage":"en-US"},{"@type":"Organization","@id":"https:\/\/kalenteri.niemikoti.fi\/en\/#organization","name":"Tapahtumakalenteri","url":"https:\/\/kalenteri.niemikoti.fi\/en\/","logo":{"@type":"ImageObject","inLanguage":"en-US","@id":"https:\/\/kalenteri.niemikoti.fi\/en\/#\/schema\/logo\/image\/","url":"https:\/\/kalenteri.niemikoti.fi\/wp-content\/uploads\/2024\/01\/niemikoti-paraspaikkatoipua.png","contentUrl":"https:\/\/kalenteri.niemikoti.fi\/wp-content\/uploads\/2024\/01\/niemikoti-paraspaikkatoipua.png","width":751,"height":337,"caption":"Tapahtumakalenteri"},"image":{"@id":"https:\/\/kalenteri.niemikoti.fi\/en\/#\/schema\/logo\/image\/"}}]}</script>
<!-- / Yoast SEO plugin. -->

Saat tukea CV:si tekemiseen tai päivittämiseen. Opit käyttämään CV:n tekemiseen erilaisia mallipohjia tai luomaan ihan oman. Jos sinulla on työ-, koulu- tai kurssitodistuksia, ota ne mukaan. Jos sinulta puuttuu työhistoriaa...

Niemikotisäätiön tapahtumat palvelujen käyttäjille
